 + -4). List the prime factors of r(x).
2, 13
List the prime factors of (-1 + 2)/(6/498).
83
Let v be (-226)/(-8) + 2/(-8). Let t = 2 - -1. Suppose l = 3*f - v, -5*f - t = -5*l - 33. What are the prime factors of f?
11
What are the prime factors of 1180/50 + 6/(-10)?
23
Let d(o) = -4*o + 5 + 0*o**2 + o**2 - 2. Let z be d(4). Suppose z*h - 2*s - 11 = -2*h, 2*h = 5*s - 4. What are the prime factors of h?
3
Let u(z) = 6*z - 19. List the prime factors of u(8).
29
Let f(y) = 2*y - 3. Let z be f(5). Suppose 3*b - 2 - z = 0. What are the prime factors of b?
3
Let v(q) be the second derivative of -11*q**5/4 - q**4/6 + q**2/2 - 8*q. List the prime factors of v(-1).
2, 3
Let n(s) = s**2 + s - 4. List the prime factors of n(-6).
2, 13
Let r = -11 + 73. What are the prime factors of r?
2, 31
Let g = 12 - 34. Let q(m) = m**2 + 8*m - 1. Let n be q(-6). Let w = n - g. List the prime factors of w.
3
Suppose -3*a = 2*a - 5. Let g = 5 - a. List the prime factors of g.
2
Suppose -4*y - 75 = 5*x - 5*y, 0 = 3*y. List the prime factors of 24/x*2*-10.
2
Suppose -3*w - w = 52. Let l = 28 + w. What are the prime factors of l?
3, 5
Suppose -4*y - 6 = -q, 0*q - 3*q - 4*y + 2 = 0. Suppose -4*d + 5*z = -116, q*d + 3*z - 60 = -d. Suppose -o = o - d. List the prime factors of o.
2, 3
Let g = 3 + -3. Suppose 4*t - 56 = -2*n, -2*n + 14 = t - g*t. What are the prime factors of t?
2, 7
Let w = -13 + 18. Suppose 4*y = -2*j + w*y + 7, 19 = 5*j - 2*y. List the prime factors of 25/j*(-2)/(-5).
2
Let f(d) = d**2 + 16*d - 22. List the prime factors of f(10).
2, 7, 17
List the prime factors of 35 + (1 - (-3 - -3)).
2, 3
Suppose 0 = -0*s - s + 5*i + 15, 3*i = -s - 1. Let y = 5 + s. What are the prime factors of y?
2, 5
Let v(u) be the first derivative of 0*u**3 + u - 1/2*u**2 + 9/4*u**4 + 2. What are the prime factors of v(1)?
3
Suppose 6*n - 2*n = -4*h + 72, -2*h - n = -33. Let z = -3 + h. What are the prime factors of z?
2, 3
Let v(k) = -k - 12. Let h be v(-12). Suppose h*o - 33 = -3*o. What are the prime factors of o?
11
What are the prime factors of (1/4)/(2/136)?
17
Suppose 5*g - 2 = -4*j, 8 = j - 5*g - 5. Suppose 2*u = 5*z + 36, 0*z + z + 28 = j*u. What are the prime factors of u?
2
Suppose 5*z - 25 = -0*z. Suppose -z*n + 9 = -1. Suppose 2*r - 2*a = -n*r + 44, -4*r - 4*a = -44. What are the prime factors of r?
11
Let l(g) = 15*g + 44. List the prime factors of l(10).
2, 97
Let f be (-4)/((-6)/3 - -1). Suppose -f*z - 3 = -15. Suppose 33 = 5*h + z*u, 0*h - u = -h + 5. What are the prime factors of h?
2, 3
Suppose 8 = s + s. Let i be s*1/2 + 6. List the prime factors of i + -3 + (1 - 1).
5
Suppose 2*o - a = 227, -o - 2*a = -129 + 3. What are the prime factors of o?
2, 29
Let q(b) = -7*b - 14. List the prime factors of q(-6).
2, 7
Let v be 1 + 10 + 2 + 0. Suppose -5*q - 2*m - m + v = 0, 3*m + 37 = 5*q. Suppose -4*n - 2*t + 26 = -0*n, -4*t + 40 = q*n. What are the prime factors of n?
2
Let q = 8 + -6. List the prime factors of q*3/(-6) - -5.
2
Let o(w) = -2*w**2 + 6*w - 4. Let j be o(4). Let k be (-3 + 6/(-4))*j. Suppose g + 0*g - 18 = -i, 4*g - 2*i = k. List the prime factors of g.
3, 5
List the prime factors of (4 + -14)*12/(-10).
2, 3
Suppose 0 = 5*b + 386 - 1016. What are the prime factors of b?
2, 3, 7
Suppose -2*o + 6 = 22. Let p = o - -30. List the prime factors of p.
2, 11
Let v(l) = -4*l**3 + 3*l + 4. What are the prime factors of v(-4)?
2, 31
Suppose 2*d - 16 = 18. What are the prime factors of d?
17
Suppose 3*f - 36 = 30. List the prime factors of f.
2, 11
Let h(t) = 2*t**2 + 6*t + 6. Suppose 0 = 4*j + 18 - 2. List the prime factors of h(j).
2, 7
Suppose -9 = 3*x - 0*x. Let p be ((-1)/1)/(x/6). Suppose 0 = p*w + 2*w + j - 15, 3*w = -2*j + 15. What are the prime factors of w?
3
Suppose 3*z + 5 - 1 = 2*q, -4*z = -4*q + 4. Let t = q + 7. List the prime factors of t.
2, 3
Suppose 2*f + 30 = 5*f. Suppose -3*c + 6 = -2*y, -1 = -5*c - y + 22. Suppose 0 = c*k + k - f. What are the prime factors of k?
2
Let m be (-14)/63 + 2/9. Suppose -n + 5 + 2 = m. List the prime factors of (22 - n)*2/6.
5
Let y(d) = d**2 + 12*d + 8. What are the prime factors of y(-12)?
2
Let a be (4/12)/((-1)/(-375)). Suppose 3*c = -8*h + 3*h + 90, 0 = -4*c - 5*h + a. List the prime factors of c.
5, 7
Let f = 0 + -3. What are the prime factors of 2/6 - 26/f?
3
Let w(j) = -41*j + 1. Let h be w(-1). Suppose 2*q = 3*n + h, -2*n + 0*n = -3*q + 58. List the prime factors of q.
2, 3
Let w(l) = l - 2. Let d be w(8). Let p(b) = b**2 - 5*b - 7. Let i be p(d). List the prime factors of (10*1)/(i + 2).
2, 5
Suppose -5 = -5*s - 0. List the prime factors of -1*s - (-16 - 7).
2, 11
Let z(l) = 19*l + 10. List the prime factors of z(4).
2, 43
Let m(x) = 2*x**3 + x**2 - x. Let q = 8 + -6. List the prime factors of m(q).
2, 3
Suppose 2*r + 0*r - 6 = 0. Suppose 0 = r*c - 5*c + 44. What are the prime factors of c?
2, 11
Let g(z) = 44*z**2 - 3*z - 4. List the prime factors of g(-2).
2, 89
Let a = 0 + 1. Let m = 2 + a. Suppose -3 = b - 3*f - 12, -m*f - 18 = -2*b. List the prime factors of b.
3
Let l(n) be the third derivative of n**4/12 + 2*n**3/3 - 2*n**2. Let p be l(-3). List the prime factors of 15 - (3 - p/(-2)).
13
Suppose 0 = v - 4*s - 43, 3*s - 97 = -2*v - 0*s. List the prime factors of v.
47
Let o = 1 - -73. Let r(y) = y**2 - 11*y + 8. Let j be r(10). List the prime factors of o/6 - j/(-6).
2, 3
Let d = 2 - 1. What are the prime factors of d*19 - (-2 - 0)?
3, 7
Let h(s) = 14*s - 7. List the prime factors of h(4).
7
List the prime factors of 3 - 35*(-2 - -1).
2, 19
Let o(b) = 2*b + 2. Let l be o(-6). Let j = -7 - l. Let a(y) = -y**3 + 4*y**2. List the prime factors of a(j).
3
Let t = -15 - -15. Suppose 0 = 3*c - t*c - 66. What are the prime factors of c?
2, 11
Suppose l + 48 = -0*l. Let z(s) = 4*s + 3. Let w be z(-3). What are the prime factors of l/w*18/8?
2, 3
Let h = -37 - -44. List the prime factors of h.
7
Let d(s) = s**3 - 5*s**2 - s + 7. Let r be d(5). Suppose 5*c = 3*h + r*c - 27, 4*h = -2*c + 6. Suppose -h*m + 10 = -14. List the prime factors of m.
2, 3
Let t(d) = d**2 + 4*d + 2. Let z be t(-5). Let r be z/14*0/(-2). Suppose r = 4*u - 27 - 37. List the prime factors of u.
2
Let z = 3 - 1. Suppose -3*k - z*p - 37 = 0, 3*k - p + 7 = 3*p. List the prime factors of 3/((k/(-6))/3).
2, 3
List the prime factors of 48 - 4/(-4)*3.
3, 17
Suppose -c = 2*u + 156, -6*c = -4*c + 2*u + 312. List the prime factors of (-2)/5 + c/(-15).
2, 5
Let i(p) = 13*p - 4. Let u be i(3). Let l be (-2)/(-4) - (-44)/8. Suppose t + u = l*t. List the prime factors of t.
7
Let n be ((-56)/10)/((-5)/25). Suppose 3*p = -p + n. What are the prime factors of p?
7
Let x = 41 + -5. Suppose -36 = -3*t - 3*f, -x = -3*t + 2*f + 3*f. What are the prime factors of t?
2, 3
Suppose 5*s + 8 = 7*s. Let c be 2/(s/(-6)) - -5. Suppose -c*p = -7 - 23. List the prime factors of p.
3, 5
Suppose 0 = -p + 7*p - 150. Suppose k = q + p, 4*k = 3*q - q + 100. List the prime factors of k.
5
Let c(o) = 5 - o - 2 - 4. Let i be c(-3). Suppose -i*w + 15 = -9. List the prime factors of w.
2, 3
Let x(k) = 3*k + 3. Let q be x(2). Let i = 15 - q. List the prime factors of i.
2, 3
Let q(k) = -k**3 - 7*k**2 - 3*k - 1. Let s = -14 + 7. What are the prime factors of q(s)?
2, 5
Suppose 4*q + 2*g = 10, -5*q - 4 = -0*q - 3*g. Let a(h) = h**3 - 4*h**2 + 4. Let o be a(4). Suppose -29 = -o*k - q. What are the prime factors of k?
7
Let h(v) = v + 3. Let a be h(-3). Let p(w) = w**3 - 7*w**2 + 3. Let z be p(7). Let r = z + a. What are the prime factors of r?
3
Let o(u) = u + 6. Let a be o(-6). List the prime factors of 2 + (a + 1)*20.
2, 11
Let d = 129 + -85. List the prime factors of d.
2, 11
Let h(t) = -t**2 - 6*t + 2. Let s be h(-6). Suppose 0*i + i - 210 = -5*z, -s*z = i - 84. What are the prime factors of z?
2, 3, 7
Suppose -2*o - 131 + 5 = 0. Let r = 116 + o. List the prime factors of r.
53
Suppose 3*n = 57 - 21. What are the prime factors of 136/n - 1/3?
11
Let g = -7 + 9. Let o = g + 4. What are the prime factors of o?
2, 3
Suppose b - 24 = -8. List the prime factors of b*2 - (-6 + 3).
5, 7
List the prime factors of (-1 - -3)/((12/(-783))/(-2)).
3, 29
Let r = 400 + -64. List the prime factors of r.
2, 3, 7
Let l(q) = 21*q + 11. What are the prime factors of l(7)?
2, 79
Let b(x) = -x + 